55
What is the remainder when 80935 is divided by 151?
150
Calculate the remainder when 3459 is divided by 649.
214
Calculate the remainder when 4398 is divided by 259.
254
Calculate the remainder when 38001 is divided by 12641.
78
What is the remainder when 183262 is divided by 1553?
8
What is the remainder when 101672 is divided by 189?
179
Calculate the remainder when 1488612 is divided by 114508.
8
Calculate the remainder when 2450 is divided by 887.
676
Calculate the remainder when 20543 is divided by 1083.
1049
Calculate the remainder when 323757 is divided by 161869.
19
What is the remainder when 17512 is divided by 17486?
26
Calculate the remainder when 18739 is divided by 18735.
4
What is the remainder when 1819587 is divided by 22?
11
Calculate the remainder when 7945 is divided by 294.
7
What is the remainder when 2208 is divided by 169?
11
Calculate the remainder when 15099 is divided by 3016.
19
What is the remainder when 2958250 is divided by 854?
848
Calculate the remainder when 22226 is divided by 45.
41
Calculate the remainder when 12549 is divided by 23.
14
Calculate the remainder when 92582 is divided by 174.
14
What is the remainder when 850 is divided by 278?
16
What is the remainder when 16819 is divided by 58?
57
Calculate the remainder when 23793 is divided by 48.
33
Calculate the remainder when 6205 is divided by 142.
99
Calculate the remainder when 916 is divided by 153.
151
What is the remainder when 47548 is divided by 15834?
46
What is the remainder when 40584 is divided by 165?
159
What is the remainder when 26512 is divided by 17?
9
What is the remainder when 19472 is divided by 33?
2
What is the remainder when 3103 is divided by 1551?
1
What is the remainder when 22138303 is divided by 267?
265
Calculate the remainder when 4866 is divided by 39.
30
What is the remainder when 4528 is divided by 1046?
344
What is the remainder when 8501 is divided by 19?
8
Calculate the remainder when 281004 is divided by 6.
0
What is the remainder when 22166 is divided by 68?
66
What is the remainder when 678486 is divided by 107?
106
What is the remainder when 6476307 is divided by 18?
15
Calculate the remainder when 625322 is divided by 971.
969
What is the remainder when 6407 is divided by 580?
27
What is the remainder when 424947 is divided by 141643?
18
What is the remainder when 10936 is divided by 839?
29
What is the remainder when 1136 is divided by 12?
8
What is the remainder when 3663 is divided by 3643?
20
Calculate the remainder when 8620 is divided by 12.
4
What is the remainder when 27610 is divided by 52?
50
Calculate the remainder when 277956 is divided by 115.
1
What is the remainder when 12167 is divided by 326?
105
What is the remainder when 10189 is divided by 204?
193
Calculate the remainder when 120236 is divided by 1093.
6
What is the remainder when 306100 is divided by 57?
10
What is the remainder when 133310 is divided by 16?
14
What is the remainder when 43049 is divided by 82?
81
Calculate the remainder when 169509 is divided by 5297.
5
Calculate the remainder when 448 is divided by 436.
12
Calculate the remainder when 176453 is divided by 131.
127
What is the remainder when 53994 is divided by 4498?
18
What is the remainder when 863537 is divided by 280?
17
What is the remainder when 10411 is divided by 62?
57
What is the remainder when 7382 is divided by 104?
102
What is the remainder when 18862 is divided by 9430?
2
What is the remainder when 3704 is divided by 125?
79
Calculate the remainder when 6865 is divided by 34.
31
Calculate the remainder when 288141 is divided by 15165.
6
Calculate the remainder when 146005 is divided by 485.
20
Calculate the remainder when 115319 is divided by 124.
123
What is the remainder when 95678 is divided by 598?
596
What is the remainder when 539689 is divided by 301?
297
Calculate the remainder when 82177 is divided by 70.
67
What is the remainder when 4400 is divided by 115?
30
Calculate the remainder when 16036 is divided by 3173.
171
What is the remainder when 77732 is divided by 7065?
17
Calculate the remainder when 181681 is divided by 811.
17
Calculate the remainder when 19831 is divided by 36.
31
What is the remainder when 1261 is divided by 243?
46
Calculate the remainder when 49259 is divided by 2936.
2283
Calculate the remainder when 1295923 is divided by 217.
216
Calculate the remainder when 907809 is divided by 36312.
9
Calculate the remainder when 111838 is divided by 289.
284
What is the remainder when 125258 is divided by 292?
282
What is the remainder when 36946 is divided by 61?
41
Calculate the remainder when 42970 is divided by 452.
30
What is the remainder when 1501 is divided by 1431?
70
Calculate the remainder when 120474 is divided by 187.
46
Calculate the remainder when 10049 is divided by 1413.
158
What is the remainder when 146874 is divided by 144?
138
What is the remainder when 1094 is divided by 138?
128
What is the remainder when 198590 is divided by 1790?
1690
Calculate the remainder when 1509 is divided by 1452.
57
Calculate the remainder when 410032 is divided by 1376.
1360
What is the remainder when 7597 is divided by 997?
618
Calculate the remainder when 55829 is divided by 31.
29
Calculate the remainder when 105579 is divided by 62.
55
Calculate the remainder when 7663 is divided by 163.
2
What is the remainder when 70855 is divided by 34?
33
Calculate the remainder when 32994 is divided by 8245.
14
Calculate the remainder when 4459 is divided by 59.
34
What is the remainder when 25751 is divided by 12871?
9
Calculate the remainder when 1106018 is divided by 68.
66
What is the remainder when 20936 is divided by 582?
566
Calculate the remainder when 31635 is divided by 45.
0
Calculate the remainder when 405889 is divided by 508.
505
What is the remainder when 106180 is divided by 8848?
4
Calculate the remainder when 2380 is divided by 1077.
226
What is the remainder when 105693 is divided by 58?
17
Calculate the remainder when 2517 is divided by 514.
461
What is the remainder when 6845 is divided by 16?
13
Calculate the remainder when 10407 is divided by 10401.
6
What is the remainder when 1796 is divided by 35?
11
Calculate the remainder when 13590 is divided by 2211.
324
Calculate the remainder when 11775 is divided by 513.
489
What is the remainder when 2212 is divided by 2162?
50
Calculate the remainder when 883 is divided by 731.
152
What is the remainder when 41048 is divided by 1050?
98
What is the remainder when 36102 is divided by 956?
730
What is the remainder when 26836 is divided by 1787?
31
Calculate the remainder when 3054 is divided by 647.
466
What is the remainder when 2891 is divided by 68?
35
Calculate the remainder when 244079 is divided by 258.
11
What is the remainder when 42959 is divided by 25?
9
Calculate the remainder when 11402 is divided by 765.
692
What is the remainder when 54613 is divided by 8?
5
What is the remainder when 4944353 is divided by 377?
375
Calculate the remainder when 779 is divided by 678.
101
What is the remainder when 216329 is divided by 15?
14
What is the remainder when 2419 is divided by 559?
183
What is the remainder when 939899 is divided by 78?
77
What is the remainder when 37076 is divided by 113?
12
What is the remainder when 49751 is divided by 484?
383
What is the remainder when 4636 is divided by 45?
1
Calculate the remainder when 36352 is divided by 22.
8
What is the remainder when 325 is divided by 8?
5
Calculate the remainder when 5780 is divided by 263.
257
Calculate the remainder when 4762 is divided by 396.
10
What is the remainder when 151508 is divided by 1611?
74
Calculate the remainder when 40793 is divided by 7.
4
What is the remainder when 28257 is divided by 14091?
75
Calculate the remainder when 41098 is divided by 91.
57
What is the remainder when 273270 is divided by 136631?
8
Calculate the remainder when 11097 is divided by 1006.
31
What is the remainder when 39105 is divided by 543?
9
Calculate the remainder when 165803 is divided by 14.
1
Calculate the remainder when 85568 is divided by 36.
32
Calculate the remainder when 56851 is divided by 948.
919
What is the remainder when 213 is divided by 102?
9
Calculate the remainder when 470 is divided by 